{"id":2,"date":"2023-01-19T11:31:54","date_gmt":"2023-01-19T11:31:54","guid":{"rendered":"https:\/\/www.mariagraziaschiavo.com\/?page_id=2"},"modified":"2024-05-23T16:31:04","modified_gmt":"2024-05-23T16:31:04","slug":"sample-page","status":"publish","type":"page","link":"https:\/\/www.mariagraziaschiavo.com\/?page_id=2","title":{"rendered":"Biografia"},"content":{"rendered":"\n<p class=\"wp-block-paragraph\" style=\"font-size:14px\">Le interpretazioni di <strong>Maria Grazia Schiavo<\/strong> la affermano come uno dei pi\u00f9 interessanti soprani della sua generazione nel repertorio del Bel Canto: <strong>Violetta<\/strong> ne <em>La Traviata<\/em> diretta da <strong>Nello Santi<\/strong>; il ruolo titolo in <strong>Lucia di Lammermoor<\/strong> diretta da <strong>Roberto Abbado<\/strong>, <strong>Adina<\/strong> in <em>Elisir d\u2019amore<\/em> diretta da <strong>Bruno Campanella<\/strong>, <strong>Pamina<\/strong> ne <em>Die Zauberfl\u00f6te<\/em>, diretta da <strong>Michele Mariotti<\/strong>, <strong>Donna Anna <\/strong>nel <em>Don Giovanni<\/em> diretta da <strong>Christopher Hogwood<\/strong>, <strong>La Contessa di Folleville<\/strong> nel <em>Viaggio a Reims<\/em>, <strong>Konstanze <\/strong>nel <em>Die Entf\u00fchrung aus dem Serail<\/em>, <strong>Gilda<\/strong> nel <em>Rigoletto<\/em> diretta da <strong>Stefano Ranzani<\/strong>.<\/p>\n\n\n\n<p class=\"wp-block-paragraph\" style=\"font-size:14px\">Partecipa al concerto inaugurale diretto da <strong>Riccardo Muti<\/strong> per la riapertura, dopo il restauro, del Teatro di San Carlo a Napoli, protagonista nel \u201c<em>Veni Creator Spiritus<\/em>\u201d di <strong>Jommelli<\/strong>. Va in tourn\u00e9e col <em>Demofoonte<\/em>, sempre di <strong>Jommelli<\/strong>, diretto da <strong>Riccardo Muti<\/strong>, nel ruolo di <strong>Dircea<\/strong> a Salisburgo, Parigi e Ravenna.<\/p>\n\n\n\n<p class=\"wp-block-paragraph\" style=\"font-size:14px\">Ottime le recensioni, tra cui quella del prestigioso <strong>Financial Times<\/strong>: \u201c<em>the luminous, heartfelt singing of Maria Grazia Schiavo as Dircea stood out<\/em>\u201d. La popolare trasmissione radiofonica<\/p>\n\n\n\n<p class=\"wp-block-paragraph\" style=\"font-size:14px\"><strong>La Barcaccia<\/strong> le ha dedicatoun\u2019intera puntata in occasione del suo debutto \u2013 con ottimo riscontro di critica \u2013 all\u2019Opera di Roma nel ruoloprotagonista di <strong>Konstanze<\/strong> de <em>Il ratto dal serraglio<\/em>, che mancava dal teatro romano da 38 anni.<\/p>\n\n\n\n<p class=\"wp-block-paragraph\" style=\"font-size:14px\">Ha cantato <em>La Traviata<\/em> all\u2019Opera di Roma, il <em>Don Giovanni<\/em> all\u2019Op\u00e9ra Royale de Li\u00e8ge, <em>Les Contes<\/em><\/p>\n\n\n\n<p class=\"wp-block-paragraph\" style=\"font-size:14px\"><em>d\u2019Hoffmann<\/em> al Teatro di San Carlo, <em>Die Entf\u00fchrung aus dem Serai<\/em>l al Grand Theatre de Gen\u00e8ve e al teatro dell\u2019Opera di Praga, <em>Rigoletto<\/em> al Palau des Arts di Valencia sotto la direzione di <strong>Roberto Abbado<\/strong>. Partecipa ad un gala in onore di <strong>Placido Domingo<\/strong> alla Los Angeles Opera.<\/p>\n\n\n\n<p class=\"wp-block-paragraph\" style=\"font-size:14px\">Ha cantato nello <em>Stabat Mater<\/em> di <strong>Rossini<\/strong> nella Citt\u00e0 del Vaticano di fronte al Presidente della Repubblica Napolitano e a Papa Benedetto XVI, <em>la Traviata<\/em> al Teatro San Carlo di Napoli sotto la direzione di <strong>Stefano Ranzani<\/strong>, la <em>Lucia di Lammermoor<\/em> al Teatro dell\u2019Opera di Roma sotto la direzione di <strong>Roberto Abbado<\/strong>, La Gazzetta nel ruolo di <em>Lisetta<\/em> al Rossini Opera Festival, <em>La Semiramide<\/em> nel ruolo titolo al Grand Theatre de Lausanne.<\/p>\n\n\n\n<p class=\"wp-block-paragraph\" style=\"font-size:14px\">Approda al Teatro alla Scala nel <em>Tamerlano<\/em> di <strong>Haendel <\/strong>interpretando il ruolo di <em>Asteria<\/em> al fianco di <strong>Placido Domingo<\/strong>, spettacolo che vince il <strong>Premio Abbiati<\/strong>.<\/p>\n\n\n\n<p class=\"wp-block-paragraph\" style=\"font-size:14px\">Tra gli impegni recenti citiamo <em>L\u2019Elisir d\u2019amore<\/em> nei teatri di Angers, Nantes e Rennes, un Concerto con i Cameristi del Teatro alla Scala di Milano su musiche di <strong>Pergolesi<\/strong> e <strong>Vinci<\/strong>, il <em>Don Giovanni<\/em> al Teatro Massimo di Palermo sotto la direzione di <strong>Riccardo Muti<\/strong>, il <em>Don Pasquale<\/em> al Teatro Regio di Torino. Dopo la <em>Lucia di Lammermoor<\/em> al Teatro Bellini di Catania, sar\u00e0 <em>Li\u00f9<\/em> per l\u2019Opera di Roma, nella Stagione alle Terme di Caracalla, e poi <em>Elena<\/em> nel Cappello di paglia di Firenze di <strong>Nino Rota<\/strong>, <em>Gilda<\/em> nel Rigoletto al Teatro La Fenice, Violetta ne La Traviata al Teatro Verdi di Trieste, <em>Donna Anna<\/em> nel Don Giovanni sotto la direzione di <strong>R. Muti<\/strong> in tourn\u00e8e al Bunka Kaian di Tokyo<\/p>\n\n\n\n<hr class=\"wp-block-separator has-alpha-channel-opacity\"\/>\n\n\n\n<hr class=\"wp-block-separator has-text-color has-meta-color has-alpha-channel-opacity has-meta-background-color has-background\" style=\"margin-top:var(--wp--preset--spacing--20);margin-bottom:var(--wp--preset--spacing--20)\"\/>\n\n\n\n<hr class=\"wp-block-separator aligncenter has-alpha-channel-opacity is-style-default\" style=\"margin-top:0;margin-bottom:0\"\/>\n\n\n\n<p class=\"wp-block-paragraph\" style=\"font-size:20px\"><strong>English<\/strong><\/p>\n\n\n\n<p class=\"wp-block-paragraph\" style=\"font-size:14px\">Born in Naples, Maria Grazia Schiavo studied with R. Passaro at the Conservatory in Naples, graduating with honours. She won the First Prize both at the Santa Cecilia Competition in Rome and at the International Singing Competition of Clermont-Ferrand. She made her debut on stage with Roberto De Simone, perform- ing the leading role in <em>La Gatta Cenerentola <\/em>which toured in major theatres in Italy and abroad.<\/p>\n\n\n\n<p class=\"wp-block-paragraph\" style=\"font-size:14px\">Her renditions of the following roles affirmed her as one of the most interesting sopranos of her generation in Bel Canto and Romantic repertoire: Violetta in <em>La Traviata <\/em>in Naples, Rome, Turin and Venice\u2019s La Fenice under the baton of the late Nello Santi and in a Stefano Ranzani\/Robert Carsen production; Gilda in <em>Rigoletto <\/em>at the Teatro Massimo Palermo and Valencia Palau de les Arts Reina Sofia; the title role in <em>Lucia di Lammermoor <\/em>in Turin, Naples and Rome; Adina in <em>L\u2019Elisir d\u2019amore <\/em>at the Bari Teatro Petruzzelli and Op\u00e9ra de Wallonie-Li\u00e8ge; La Contessa di Folleville in <em>Il Viaggio a Reims <\/em>at the Rome Opera. She also appeared as Olympia in Offenbach\u2019s <em>Contes d\u2019Hoffmann <\/em>at the Naples Teatro di San Carlo.<\/p>\n\n\n\n<p class=\"wp-block-paragraph\" style=\"font-size:14px\">More recently, she performed the title role in Rossini\u2019s <em>Semiramide <\/em>under Corrado Rovaris for the Op\u00e9ra de Lausanne, Lisetta in <em>La Gazetta <\/em>for the Rossini Opera Festival in Pesaro with Carlo Rizzi conducting, Marie in Donizetti\u2019s <em>Fille du r\u00e9giment <\/em>in a Stefano Ranzani\/Barbe &amp; Doucet production for La Fenice and Adina in Donizetti\u2019s <em>Elisir d\u2019amore <\/em>in Rennes, Angers and Nantes.<\/p>\n\n\n\n<p class=\"wp-block-paragraph\" style=\"font-size:14px\">Maria Grazia further appeared in concert with Riccardo Minasi at the Opernhaus Z\u00fcrich and with Stefano Ranzani at the Teatro Comunale di Sassari.<\/p>\n\n\n\n<p class=\"wp-block-paragraph\" style=\"font-size:14px\">In other repertoire, her performances include Asteria in <em>Tamerlano <\/em>at La Scala with Diego Fasolis, Almirena in <em>Rinaldo <\/em>under Ottavio Dantone at the Th\u00e9\u00e2tre des Champs-Elys\u00e9es, Dalinda in <em>Ariodante <\/em>with Christophe Rousset at the Theater an der Wien, Mozart\u2019s <em>Mass in C minor <\/em>with Christophe Rousset at the Mozarteum in Salzburg\u2026 Under the guidance of Zubin Mehta, she performed as the soprano soloist in Hayden\u2019s <em>Paukenmesse <\/em>at the Florence Opera. For the Rome Opera, Maria Grazia sings Pergolesi\u2019s Stabat Mater alongside Michele Mariotti and Bach\u2019s Matth\u00e4us-Passion.<\/p>\n\n\n\n<p class=\"wp-block-paragraph\" style=\"font-size:14px\"><a><\/a>Particularly fond of Mozart, Maria Grazia was Susanna in <em>Le Nozze di Figaro <\/em>at the Teatro Regio Tori- no, Konstanze in <em>Die Entf\u00fchrung aus dem Serail <\/em>in Rome, Li\u00e8ge and Prague; Pamina in <em>Die Zauberfl\u00f6te <\/em>in Bologna and Turin; Donna Anna in <em>Don Giovanni <\/em>in Turin, Li\u00e8ge and Rome (J\u00e9r\u00e9mie Rhorer\/Graham Vick); Amital in <em>Betulia liberata <\/em>at the Salzburg Festival under the baton of Riccardo Muti.<\/p>\n\n\n\n<p class=\"wp-block-paragraph\" style=\"font-size:14px\">She has issued several CDs with Na\u00efve: <em>Pulcinella vendicato <\/em>by Paisiello, <em>Statira Principessa di Persia <\/em>by Cavalli and <em>Coralit\u00e0 e Devotione <\/em>by Provenzale. She has recorded Pergolesi\u2019s <em>Stabat Mater <\/em>with St\u00e9pha- nie d\u2019Oustrac and Antonio Florio for the label Eloquentia, and features on the CD \u201cLe Cantate Ital- iane di Handel\u201d with la Risonanza released by Glossa. Maria Grazia\u2019s first solo album \u201cFuror!\u201d with music by Spanish composer Terradellas achieved great critical acclaim.<\/p>\n\n\n\n<p class=\"wp-block-paragraph\" style=\"font-size:14px\">Recent and future engagements include Mozart\u2019s <em>Idomeneo <\/em>(Ilia) in a new Fabio Biondi\/Jean-Louis Grinda production at Op\u00e9ra Royal de Wallonie-Li\u00e8ge, Donizetti\u2019s <em>Don Pasquale <\/em>(Norina) under Alessandro De Marchi at Teatro Regio di Torino, <em>Lucia di Lammermoor <\/em>(title role) with Stefano Ran- zani at Teatro Massimo Bellini di Catania and <em>Don Giovanni <\/em>(Donna Anna) at Teatro Massimo di Palermo under the baton of Riccardo Muti, Il Cappello di Paglia di Firenze in a production at Op\u00e9ra Royal de Wallonie-Li\u00e8ge as Elena, Traviata at Teatro Verdi of Trieste, Don Giovanni (Donna Anna) at Tokio Bunka Kaikan under the baton of Riccardo Muti, Rigoletto (Gilda) at Teatro La Fenice in Venice\u2026<\/p>\n","protected":false},"excerpt":{"rendered":"<p>Le interpretazioni di Maria Grazia Schiavo la affermano come uno dei pi\u00f9 interessanti soprani della sua generazione nel repertorio del Bel Canto: Violetta ne La Traviata diretta da Nello Santi; il ruolo titolo in Lucia di Lammermoor diretta da Roberto Abbado, Adina in Elisir d\u2019amore diretta da Bruno Campanella, Pamina ne Die Zauberfl\u00f6te, diretta da [&hellip;]<\/p>\n","protected":false},"author":1,"featured_media":239,"parent":0,"menu_order":1,"comment_status":"closed","ping_status":"open","template":"","meta":{"ngg_post_thumbnail":0,"footnotes":""},"class_list":["post-2","page","type-page","status-publish","has-post-thumbnail","hentry"],"_links":{"self":[{"href":"https:\/\/www.mariagraziaschiavo.com\/index.php?rest_route=\/wp\/v2\/pages\/2","targetHints":{"allow":["GET"]}}],"collection":[{"href":"https:\/\/www.mariagraziaschiavo.com\/index.php?rest_route=\/wp\/v2\/pages"}],"about":[{"href":"https:\/\/www.mariagraziaschiavo.com\/index.php?rest_route=\/wp\/v2\/types\/page"}],"author":[{"embeddable":true,"href":"https:\/\/www.mariagraziaschiavo.com\/index.php?rest_route=\/wp\/v2\/users\/1"}],"replies":[{"embeddable":true,"href":"https:\/\/www.mariagraziaschiavo.com\/index.php?rest_route=%2Fwp%2Fv2%2Fcomments&post=2"}],"version-history":[{"count":9,"href":"https:\/\/www.mariagraziaschiavo.com\/index.php?rest_route=\/wp\/v2\/pages\/2\/revisions"}],"predecessor-version":[{"id":243,"href":"https:\/\/www.mariagraziaschiavo.com\/index.php?rest_route=\/wp\/v2\/pages\/2\/revisions\/243"}],"wp:featuredmedia":[{"embeddable":true,"href":"https:\/\/www.mariagraziaschiavo.com\/index.php?rest_route=\/wp\/v2\/media\/239"}],"wp:attachment":[{"href":"https:\/\/www.mariagraziaschiavo.com\/index.php?rest_route=%2Fwp%2Fv2%2Fmedia&parent=2"}],"curies":[{"name":"wp","href":"https:\/\/api.w.org\/{rel}","templated":true}]}}

<p class="wp-block-paragraph" style="font-size:14px">Le interpretazioni di <strong>Maria Grazia Schiavo</strong> la affermano come uno dei più interessanti soprani della sua generazione nel repertorio del Bel Canto: <strong>Violetta</strong> ne <em>La Traviata</em> diretta da <strong>Nello Santi</strong>; il ruolo titolo in <strong>Lucia di Lammermoor</strong> diretta da <strong>Roberto Abbado</strong>, <strong>Adina</strong> in <em>Elisir d’amore</em> diretta da <strong>Bruno Campanella</strong>, <strong>Pamina</strong> ne <em>Die Zauberflöte</em>, diretta da <strong>Michele Mariotti</strong>, <strong>Donna Anna </strong>nel <em>Don Giovanni</em> diretta da <strong>Christopher Hogwood</strong>, <strong>La Contessa di Folleville</strong> nel <em>Viaggio a Reims</em>, <strong>Konstanze </strong>nel <em>Die Entführung aus dem Serail</em>, <strong>Gilda</strong> nel <em>Rigoletto</em> diretta da <strong>Stefano Ranzani</strong>.</p>



<p class="wp-block-paragraph" style="font-size:14px">Partecipa al concerto inaugurale diretto da <strong>Riccardo Muti</strong> per la riapertura, dopo il restauro, del Teatro di San Carlo a Napoli, protagonista nel “<em>Veni Creator Spiritus</em>” di <strong>Jommelli</strong>. Va in tournée col <em>Demofoonte</em>, sempre di <strong>Jommelli</strong>, diretto da <strong>Riccardo Muti</strong>, nel ruolo di <strong>Dircea</strong> a Salisburgo, Parigi e Ravenna.</p>



<p class="wp-block-paragraph" style="font-size:14px">Ottime le recensioni, tra cui quella del prestigioso <strong>Financial Times</strong>: “<em>the luminous, heartfelt singing of Maria Grazia Schiavo as Dircea stood out</em>”. La popolare trasmissione radiofonica</p>



<p class="wp-block-paragraph" style="font-size:14px"><strong>La Barcaccia</strong> le ha dedicatoun’intera puntata in occasione del suo debutto – con ottimo riscontro di critica – all’Opera di Roma nel ruoloprotagonista di <strong>Konstanze</strong> de <em>Il ratto dal serraglio</em>, che mancava dal teatro romano da 38 anni.</p>



<p class="wp-block-paragraph" style="font-size:14px">Ha cantato <em>La Traviata</em> all’Opera di Roma, il <em>Don Giovanni</em> all’Opéra Royale de Liège, <em>Les Contes</em></p>



<p class="wp-block-paragraph" style="font-size:14px"><em>d’Hoffmann</em> al Teatro di San Carlo, <em>Die Entführung aus dem Serai</em>l al Grand Theatre de Genève e al teatro dell’Opera di Praga, <em>Rigoletto</em> al Palau des Arts di Valencia sotto la direzione di <strong>Roberto Abbado</strong>. Partecipa ad un gala in onore di <strong>Placido Domingo</strong> alla Los Angeles Opera.</p>



<p class="wp-block-paragraph" style="font-size:14px">Ha cantato nello <em>Stabat Mater</em> di <strong>Rossini</strong> nella Città del Vaticano di fronte al Presidente della Repubblica Napolitano e a Papa Benedetto XVI, <em>la Traviata</em> al Teatro San Carlo di Napoli sotto la direzione di <strong>Stefano Ranzani</strong>, la <em>Lucia di Lammermoor</em> al Teatro dell’Opera di Roma sotto la direzione di <strong>Roberto Abbado</strong>, La Gazzetta nel ruolo di <em>Lisetta</em> al Rossini Opera Festival, <em>La Semiramide</em> nel ruolo titolo al Grand Theatre de Lausanne.</p>



<p class="wp-block-paragraph" style="font-size:14px">Approda al Teatro alla Scala nel <em>Tamerlano</em> di <strong>Haendel </strong>interpretando il ruolo di <em>Asteria</em> al fianco di <strong>Placido Domingo</strong>, spettacolo che vince il <strong>Premio Abbiati</strong>.</p>



<p class="wp-block-paragraph" style="font-size:14px">Tra gli impegni recenti citiamo <em>L’Elisir d’amore</em> nei teatri di Angers, Nantes e Rennes, un Concerto con i Cameristi del Teatro alla Scala di Milano su musiche di <strong>Pergolesi</strong> e <strong>Vinci</strong>, il <em>Don Giovanni</em> al Teatro Massimo di Palermo sotto la direzione di <strong>Riccardo Muti</strong>, il <em>Don Pasquale</em> al Teatro Regio di Torino. Dopo la <em>Lucia di Lammermoor</em> al Teatro Bellini di Catania, sarà <em>Liù</em> per l’Opera di Roma, nella Stagione alle Terme di Caracalla, e poi <em>Elena</em> nel Cappello di paglia di Firenze di <strong>Nino Rota</strong>, <em>Gilda</em> nel Rigoletto al Teatro La Fenice, Violetta ne La Traviata al Teatro Verdi di Trieste, <em>Donna Anna</em> nel Don Giovanni sotto la direzione di <strong>R. Muti</strong> in tournèe al Bunka Kaian di Tokyo</p>



<hr class="wp-block-separator has-alpha-channel-opacity"/>



<hr class="wp-block-separator has-text-color has-meta-color has-alpha-channel-opacity has-meta-background-color has-background" style="margin-top:var(--wp--preset--spacing--20);margin-bottom:var(--wp--preset--spacing--20)"/>



<hr class="wp-block-separator aligncenter has-alpha-channel-opacity is-style-default" style="margin-top:0;margin-bottom:0"/>



<p class="wp-block-paragraph" style="font-size:20px"><strong>English</strong></p>



<p class="wp-block-paragraph" style="font-size:14px">Born in Naples, Maria Grazia Schiavo studied with R. Passaro at the Conservatory in Naples, graduating with honours. She won the First Prize both at the Santa Cecilia Competition in Rome and at the International Singing Competition of Clermont-Ferrand. She made her debut on stage with Roberto De Simone, perform- ing the leading role in <em>La Gatta Cenerentola </em>which toured in major theatres in Italy and abroad.</p>



<p class="wp-block-paragraph" style="font-size:14px">Her renditions of the following roles affirmed her as one of the most interesting sopranos of her generation in Bel Canto and Romantic repertoire: Violetta in <em>La Traviata </em>in Naples, Rome, Turin and Venice’s La Fenice under the baton of the late Nello Santi and in a Stefano Ranzani/Robert Carsen production; Gilda in <em>Rigoletto </em>at the Teatro Massimo Palermo and Valencia Palau de les Arts Reina Sofia; the title role in <em>Lucia di Lammermoor </em>in Turin, Naples and Rome; Adina in <em>L’Elisir d’amore </em>at the Bari Teatro Petruzzelli and Opéra de Wallonie-Liège; La Contessa di Folleville in <em>Il Viaggio a Reims </em>at the Rome Opera. She also appeared as Olympia in Offenbach’s <em>Contes d’Hoffmann </em>at the Naples Teatro di San Carlo.</p>



<p class="wp-block-paragraph" style="font-size:14px">More recently, she performed the title role in Rossini’s <em>Semiramide </em>under Corrado Rovaris for the Opéra de Lausanne, Lisetta in <em>La Gazetta </em>for the Rossini Opera Festival in Pesaro with Carlo Rizzi conducting, Marie in Donizetti’s <em>Fille du régiment </em>in a Stefano Ranzani/Barbe &amp; Doucet production for La Fenice and Adina in Donizetti’s <em>Elisir d’amore </em>in Rennes, Angers and Nantes.</p>



<p class="wp-block-paragraph" style="font-size:14px">Maria Grazia further appeared in concert with Riccardo Minasi at the Opernhaus Zürich and with Stefano Ranzani at the Teatro Comunale di Sassari.</p>



<p class="wp-block-paragraph" style="font-size:14px">In other repertoire, her performances include Asteria in <em>Tamerlano </em>at La Scala with Diego Fasolis, Almirena in <em>Rinaldo </em>under Ottavio Dantone at the Théâtre des Champs-Elysées, Dalinda in <em>Ariodante </em>with Christophe Rousset at the Theater an der Wien, Mozart’s <em>Mass in C minor </em>with Christophe Rousset at the Mozarteum in Salzburg… Under the guidance of Zubin Mehta, she performed as the soprano soloist in Hayden’s <em>Paukenmesse </em>at the Florence Opera. For the Rome Opera, Maria Grazia sings Pergolesi’s Stabat Mater alongside Michele Mariotti and Bach’s Matthäus-Passion.</p>



<p class="wp-block-paragraph" style="font-size:14px"><a></a>Particularly fond of Mozart, Maria Grazia was Susanna in <em>Le Nozze di Figaro </em>at the Teatro Regio Tori- no, Konstanze in <em>Die Entführung aus dem Serail </em>in Rome, Liège and Prague; Pamina in <em>Die Zauberflöte </em>in Bologna and Turin; Donna Anna in <em>Don Giovanni </em>in Turin, Liège and Rome (Jérémie Rhorer/Graham Vick); Amital in <em>Betulia liberata </em>at the Salzburg Festival under the baton of Riccardo Muti.</p>



<p class="wp-block-paragraph" style="font-size:14px">She has issued several CDs with Naïve: <em>Pulcinella vendicato </em>by Paisiello, <em>Statira Principessa di Persia </em>by Cavalli and <em>Coralità e Devotione </em>by Provenzale. She has recorded Pergolesi’s <em>Stabat Mater </em>with Stépha- nie d’Oustrac and Antonio Florio for the label Eloquentia, and features on the CD “Le Cantate Ital- iane di Handel” with la Risonanza released by Glossa. Maria Grazia’s first solo album “Furor!” with music by Spanish composer Terradellas achieved great critical acclaim.</p>



<p class="wp-block-paragraph" style="font-size:14px">Recent and future engagements include Mozart’s <em>Idomeneo </em>(Ilia) in a new Fabio Biondi/Jean-Louis Grinda production at Opéra Royal de Wallonie-Liège, Donizetti’s <em>Don Pasquale </em>(Norina) under Alessandro De Marchi at Teatro Regio di Torino, <em>Lucia di Lammermoor </em>(title role) with Stefano Ran- zani at Teatro Massimo Bellini di Catania and <em>Don Giovanni </em>(Donna Anna) at Teatro Massimo di Palermo under the baton of Riccardo Muti, Il Cappello di Paglia di Firenze in a production at Opéra Royal de Wallonie-Liège as Elena, Traviata at Teatro Verdi of Trieste, Don Giovanni (Donna Anna) at Tokio Bunka Kaikan under the baton of Riccardo Muti, Rigoletto (Gilda) at Teatro La Fenice in Venice…</p>

<p>Le interpretazioni di Maria Grazia Schiavo la affermano come uno dei più interessanti soprani della sua generazione nel repertorio del Bel Canto: Violetta ne La Traviata diretta da Nello Santi; il ruolo titolo in Lucia di Lammermoor diretta da Roberto Abbado, Adina in Elisir d’amore diretta da Bruno Campanella, Pamina ne Die Zauberflöte, diretta da [&hellip;]</p>
